late the remainder when c is divided by r(-8).
1
Suppose -10*n + 74 = 14. Let w(j) = 4*j - 2. Calculate the remainder when w(6) is divided by n.
4
What is the remainder when (-255)/(-6) + (-2)/(-4) is divided by 11?
10
Let h(k) = -2*k**3 - k - 1. Let j be h(-1). Suppose -4*n + 7 = -3*n - j*d, 5*n + 2*d = 35. Calculate the remainder when n is divided by 5.
2
Let u = 114 - 80. Calculate the remainder when u is divided by (12/(-10))/(6/(-90)).
16
Suppose 3*h + f + 2*f - 9 = 0, 4*h + 3*f - 9 = 0. Let v(d) = 2 + h - d + d - d. What is the remainder when 4 is divided by v(0)?
0
Let t(d) = -d**2 + 7*d + 8. Let x(u) = 2*u + 4. Let q be x(-3). Calculate the remainder when t(6) is divided by (1 - q)*(-16)/(-6).
6
Let j(b) = -b**3 - 3*b**2 - 6. Let t be j(-5). Suppose -5*d + t = -66. What is the remainder when d is divided by 6?
4
Let i(l) = l**3 + 5*l**2 - l + 8. Let t be i(-7). Let o = -58 - t. What is the remainder when o is divided by 9?
7
Let j = 15 - -1. Suppose -j = -2*r - 2*r. What is the remainder when (-27)/(-3) + (-1 - -2) is divided by r?
2
Let i(f) = -f**3 - 6*f**2 + 6*f. Let y be i(-7). Suppose -11 = t - 3*u - 35, 3*t = -4*u + y. What is the remainder when 26 is divided by t?
8
Suppose 192 = 8*s - 4*s. What is the remainder when s is divided by 17?
14
Let x = 158 + -61. Suppose -5*o + 4*f + x + 107 = 0, -168 = -4*o + 2*f. Suppose 75 = 7*m - 2*m. What is the remainder when o is divided by m?
14
Let i(t) = t**2 + 3*t + 18. What is the remainder when 192 is divided by i(-5)?
24
Let q(p) = -p**3 - 11*p**2 - 16*p + 8. Let o = 8 - 3. Suppose -o*b = -39 - 76. Calculate the remainder when q(-10) is divided by b.
22
Let l = 4 - 1. Calculate the remainder when 4 is divided by l.
1
Let x be 6/(-33) + (-18)/22. Let q = 4 + x. Suppose -i - q = -11. Calculate the remainder when 15 is divided by i.
7
Let g = 354 + -340. Let j = 51 - 26. Calculate the remainder when j is divided by g.
11
Let z(y) = y**3 - 3*y**2 + y. What is the remainder when 77 is divided by z(4)?
17
Suppose 7*v - 4*v - 246 = 0. Suppose c - v = -c. Calculate the remainder when c is divided by 21.
20
Let y = 10 + -4. Let a be 4/(-12)*-3 + 3. Suppose -z + a*z - 12 = 0. Calculate the remainder when y is divided by z.
2
Let q(c) = -38*c + 1. Let k(g) = -g**2 - 11*g - 7. Let d be k(-10). Let i(y) = y**3 - 2*y**2 + y + 2. What is the remainder when q(-1) is divided by i(d)?
11
Suppose 5*q - 3 = 147. Suppose -5*z + 60 = -q. Calculate the remainder when z is divided by 10.
8
Let r be (-2)/(-6) - (-400)/6. Suppose a + 45 = -o - 4*o, r = -3*a + 2*o. Let k = a + 60. Calculate the remainder when k is divided by 12.
11
Let n(o) = -18*o**3 + 7*o**2 + 9*o - 6. Let f(m) = 19*m**3 - 6*m**2 - 8*m + 5. Let b(z) = -7*f(z) - 6*n(z). What is the remainder when b(-1) is divided by 9?
6
Let d = -30 - 23. Let g = -14 - d. What is the remainder when g is divided by 10?
9
Let f = -12 + -10. Suppose -2*x - 3*x = -50. Calculate the remainder when x is divided by f/(-5) + (-2)/5.
2
Let w = 172 + -90. Calculate the remainder when w is divided by 14.
12
Let z(w) = 10*w + 1. What is the remainder when z(3) is divided by 12?
7
Let n(v) = v**2 + 4*v + 2. Let y be n(-4). Suppose -y*p - 4 = -4*u + 62, -3*u + 50 = -p. Calculate the remainder when 48 is divided by u.
14
Let w(l) = l**3 - 15*l**2 + l + 2. What is the remainder when w(15) is divided by 9?
8
Let z(x) = 3*x**2 + x. Calculate the remainder when z(-2) is divided by 3.
1
Let c = 59 - 44. Suppose o + 9 = b, 2*o - 3 = -b - 3*o. What is the remainder when c is divided by b?
7
Let v be 5 - 4*(-2)/4. Let w = 9 - v. Calculate the remainder when 7 is divided by w.
1
Let t = -6 - -12. Calculate the remainder when 23 is divided by t.
5
Let a = -52 + 97. Calculate the remainder when a is divided by 12.
9
Suppose 0 = 5*d + 15, -4*d = -3*y - 9*d + 30. What is the remainder when 18 is divided by y/(-3)*(0 + -1)?
3
What is the remainder when 43 is divided by 16 - (12/4 - 2)?
13
Suppose 5*f + 4*r - 1 = -3, -2*r = 2*f + 2. Let b be 1/(-2) + (-68)/(-8). What is the remainder when 38/8 + (-6)/b is divided by f?
0
Let p = -1 - -3. Suppose -p*w - w = -12. What is the remainder when 263/5 + w/10 is divided by 18?
17
What is the remainder when 61 is divided by (42/(-30))/(3/(-15))?
5
Suppose -4*w - 52 = -2*d, 4*d - 5*w - 120 + 31 = 0. Suppose -5*c = -3*c + x - 54, 3*c - x - 91 = 0. Calculate the remainder when c is divided by d.
13
Let b(r) = -97*r + 10. Let j(f) = 32*f - 3. Let o(i) = -2*b(i) - 7*j(i). What is the remainder when o(-1) is divided by 17?
14
Let j(z) = z**2 + 6*z - 1. What is the remainder when j(5) is divided by 14?
12
Let x be 25/(-4) + (-3)/(-12). Let u = 14 + x. What is the remainder when u is divided by 5?
3
Let l = 2 - 3. Let h = l - 1. Calculate the remainder when 10/4*18 + h is divided by 15.
13
Suppose -128 = 20*k - 24*k. Calculate the remainder when k is divided by 21.
11
Let s(o) = -o + 6. Let g(n) = -n - 1. Let t be g(-7). Let d be s(t). Let w = 9 + d. What is the remainder when 16 is divided by w?
7
Let s be 1/(-4) - (-110)/(-8). Calculate the remainder when 31 is divided by 150/14 + (-4)/s.
9
Suppose 0*c + 60 = 4*c. What is the remainder when 70 is divided by c?
10
What is the remainder when (141/(-9) + 6)/(1/(-6)) is divided by 10?
8
Let b = 192 - 114. Calculate the remainder when b is divided by 16.
14
Let z be 12/(-4) - 0 - -79. Let i(c) = 34*c**3. Let o be i(1). Suppose o + z = 5*n. Calculate the remainder when n is divided by 6.
4
Suppose -m + 37 = b - 20, -5*m - 4*b = -286. Calculate the remainder when m is divided by 15.
13
Suppose -3*i - d - 3*d + 200 = 0, 0 = -2*i - 3*d + 134. Calculate the remainder when i is divided by 13.
12
Let m(p) = p**3 + 4*p**2 - 6*p - 4. What is the remainder when 49 is divided by m(-4)?
9
Suppose 5*a - 25 - 230 = 0. What is the remainder when a is divided by 14?
9
Suppose -16 - 23 = -i. Calculate the remainder when i is divided by 4.
3
Let j be 1*-2 - (-30)/2. Let v = j + 8. What is the remainder when 81 is divided by v?
18
Let x be 2/11 + (-36)/(-44). Let f be x*3*(3 - -8). Suppose q = -2*q + f. Calculate the remainder when q is divided by 6.
5
Let b(a) = a**3 + 7*a**2 - 17*a + 15. What is the remainder when 46 is divided by b(-9)?
4
Suppose -2*n + a - 1 - 6 = 0, a = -3*n - 8. Let o be 38 - n/9*0. Suppose l = 3*l - o. What is the remainder when l is divided by 10?
9
Calculate the remainder when 80 is divided by (-136)/(-5) - 3*1/15.
26
Let q = -146 - -174. What is the remainder when 165 is divided by q?
25
Let z(r) = -r**2 + 8*r + 6. What is the remainder when 32 is divided by z(8)?
2
Calculate the remainder when 30*13/((-65)/(-24)) is divided by 21.
18
Suppose -3*l = 5*x - 27, -x - 6 = -3*x. Calculate the remainder when (39/l)/(2/8) is divided by (1 - 1) + 7*2.
11
Let w be (-3 + 6)*1 + 2. Suppose 2*b = -w*x + 8, 4*b - 26 = -0*b - 5*x. What is the remainder when 16 is divided by b?
7
Suppose 8*f - 5*f = 39. What is the remainder when f is divided by 4?
1
Let n be 4/10 - 468/45. Let t = 16 + n. Calculate the remainder when (4/6)/(t/18) is divided by 1.
0
Suppose 3*j = 3*s - 72, -4*s - j = 2*j - 61. Calculate the remainder when 245 is divided by s.
17
Suppose 8 = -3*q + 5*t, 0 = -q - 5*t + 1 + 3. What is the remainder when 10 is divided by ((-8)/(-12))/(q/(-6))?
2
What is the remainder when (-4)/10 + 6608/70 is divided by 19?
18
Calculate the remainder when (2*2/3)/((-5)/(-150)) is divided by 21.
19
Let g = 8 - 5. Let p = g + 0. Suppose 4*w = -12, -2*c + 6*w = p*w - 23. Calculate the remainder when c is divided by 4.
3
What is the remainder when ((-8)/(-6))/(5/270) is divided by 15?
12
Let p = 10 + -1. Let v(w) = 18*w**3 - 2*w + 1. Suppose i + 1 = 2*i. What is the remainder when v(i) is divided by p?
8
Suppose 3*h + 5*h - 432 = 0. Suppose 0 = -3*i - 2*i + 95. What is the remainder when h is divided by i?
16
Let f(z) = 1. Let c(j) = 15*j - 4. Let g be 2/(-4) - 3/(-2). Let d(m) = g*c(m) + 2*f(m). Calculate the remainder when d(4) is divided by 15.
13
Suppose -m = b + 4*m - 58, -3*b - 5*m = -124. Calculate the remainder when 128 is divided by b.
29
Suppose -5*h + 18 = 3. Suppose -h*o + 36 = 12. Calculate the remainder when o is divided by 4.
0
Let z = 40 + -34. Calculate the remainder when z is divided by 2.
0
Let s = -9 +